6
Let a(f) = -16*f**2 + 15 - f**2 + 236*f + 2*f**3 - 237*f. What is the units digit of a(9)?
7
Suppose -3*d + 0*d = -159. Let w = -87 + 118. Suppose -d = -2*x + w. What is the units digit of x?
2
Suppose -2*q = -5*q + a + 10, 0 = -2*a - 2. Suppose q*u = -3*m + 5*m + 467, 5*m - 133 = -u. What is the units digit of u?
3
What is the thousands digit of 1405 - (2 - 2 - 6)?
1
Let j(b) = 2*b + 35. Let x be j(-17). What is the units digit of x*(-3 + 28) + -4?
1
Suppose -2*f - 2*f + 2448 = -2*n, 0 = 4*f - 5*n - 2460. What is the hundreds digit of f?
6
Suppose -5*f - 7 = 5*a + 23, 4*f + 16 = -2*a. What is the tens digit of (-1293)/(-6) - ((-5)/(-2) + a)?
1
Let s be (-1 - 225/6)*24/7. Let b = s + 159. What is the tens digit of b?
2
Suppose -2*s = -3*o + 16, -o + s = -7 + 3. Suppose z = 3*a - 469, -4*a + 619 = o*z - 3*z. What is the hundreds digit of a?
1
Let p(v) = -v**2 - 48*v + 4. What is the units digit of p(-30)?
4
Let g = 5602 + -3360. What is the tens digit of g?
4
Let w = 13 - 6. Let n(h) = -h**2 + 8*h - 7. Let z be n(w). What is the units digit of -29*1/(-1) - z?
9
Suppose 3*p = -4*m - 0*m - 33, -87 = 5*p - 4*m. What is the tens digit of p/(-9)*162/3?
9
Let m(r) = 3*r + 14. Let w be m(-5). What is the units digit of (2 - w) + -5 + 5?
3
What is the units digit of 6 - (0 + 2) - -1383?
7
Suppose 0*c + 7*c = 798. Suppose 4*b = 6*b - c. What is the units digit of b?
7
Let f(u) = 4*u + 16. Let v be f(-4). Suppose v = -5*b + 4*t + 349, 0 = -5*b - 2*t - 163 + 536. What is the tens digit of b?
7
Let n be ((-20)/(-16))/((-1)/8). Let h be (8/n)/(2/(-35)). What is the tens digit of ((-60)/42)/((-2)/h)?
1
Suppose 3*c + 5*s + 5 = -0*c, -2*s + 2 = 2*c. Let y(x) = x**3 - 4*x**2 + 10*x + 5. What is the units digit of y(c)?
0
Let v = -33 + 41. Suppose -747 = -v*c + 357. Let k = c + -94. What is the tens digit of k?
4
Suppose 3*r + 6 = 4*h, 0 = -5*h + h + r + 2. Suppose -2*q = -3*j + 11, h*q + 3*q - 3*j = -18. Let k = 8 + q. What is the units digit of k?
1
Suppose -3*p = -3*c + 14 + 4, 3*p = c - 10. Suppose c = 4*g - 96. Suppose -3*l + g = 2*l. What is the units digit of l?
5
What is the units digit of 2*((-1022)/(-4) + -5)?
1
What is the units digit of (10/(-10))/((-2)/3618)?
9
Suppose -2*i + 3*o + 1016 = 0, -5*o - 72 - 2478 = -5*i. What is the tens digit of i?
1
Let p(s) = -11*s + 4. Let f = 8 + -12. What is the tens digit of p(f)?
4
Let m be (-1)/(-4) + 803/4. Suppose -m = -4*p - 9. Let v = p + -29. What is the tens digit of v?
1
Suppose 0 = -4*w + 1412 - 420. Let j = w - 137. What is the units digit of j?
1
Suppose b = -1 - 3, -z + b + 14 = 0. Let u = 49 - z. Suppose -h - u = -4*h. What is the units digit of h?
3
Suppose 3*b = -5*t + t + 19, 3*b = -5*t + 23. Suppose -v + t = 0, -3*a + 2*v + 392 = v. What is the units digit of a?
2
Let t = -18 + 17. Let k = t - -3. What is the units digit of ((-6)/(-3))/k - -2?
3
Suppose 1660 = 4*x + 4*z, -4*x + 1903 - 243 = -4*z. What is the hundreds digit of x?
4
Let j = 6633 - 4315. What is the hundreds digit of j?
3
Let c(f) = -23*f - 8. Let r be c(-14). What is the tens digit of (4 + -3)*(9/3 + r)?
1
What is the units digit of 1/(-2) - 8936/(-16)?
8
Suppose -p + 4 = p. Suppose 12 = -3*t, 3*t - 2*t + 182 = p*o. What is the tens digit of o?
8
Suppose -4*x - 26 = -3*x. Let c be x/(-39) - 94/(-3). Suppose 3*n + 0*n + 8 = -5*i, c = 3*n - 5*i. What is the units digit of n?
4
Let x(f) = -f**3 - 11*f**2 + 4*f + 10. Let w = -42 - -30. What is the tens digit of x(w)?
0
Suppose 5*j - 202 = 14*p - 10*p, 3*j + 3*p - 132 = 0. What is the tens digit of j?
4
Suppose 4*w - 5*w = 18. What is the units digit of -3*1040/(-54) + (-4)/w?
8
Let i(v) = 48*v - 116. What is the units digit of i(15)?
4
Let h = 164 - 158. What is the units digit of h?
6
Let u = -499 + 248. Let s = -21 - u. What is the tens digit of s?
3
Let o be 852/(4/1) - -4. Suppose -o = -3*z + 62. What is the units digit of z?
3
Let d(t) = 30*t**2 - 3*t + 3. Let l be d(-7). What is the units digit of (-6)/(-4)*l/27?
3
Suppose 3*k - 55 = 5. Suppose 0*d + 4 = 5*n + d, 0 = -5*d + k. Suppose n = -6*l + l + 95. What is the tens digit of l?
1
Let b = -392 + 591. What is the units digit of b?
9
Let p = 12 - 9. Suppose p*i - 12 = -i. Suppose -w = 2*c - 91, 214 = 5*c - i*w + w. What is the units digit of c?
4
Suppose -13603 = -9*q + 12398. What is the thousands digit of q?
2
Let p be 1/(-1 + (-8)/(-7)). Suppose -5*r + 419 = -3*n, -p*r + 4*r = 2*n - 259. What is the units digit of r?
5
Let d(x) = 30*x**2 + 4*x + 37. What is the tens digit of d(-4)?
0
Suppose 4*u = -16 + 116. Suppose 2*t + 64 = -0*p + 3*p, 5*t = -u. What is the units digit of p/(-12)*4/(-3)?
2
What is the hundreds digit of ((-334)/8)/(8 - (-194)/(-24))?
5
Suppose -3*g + 6*g = 1047. What is the hundreds digit of g?
3
Suppose -16 = 2*m - 0*i - 4*i, -3*m - 4 = -i. Suppose m = g - 0*w - 4*w + 39, 3*g = 2*w - 167. Let t = g - -103. What is the units digit of t?
4
Let v be (-15)/10 + (-147)/6. Let h = v - -24. What is the tens digit of (h/3)/(22/(-2013))?
6
Let c(z) = 21*z - 30. What is the hundreds digit of c(7)?
1
Suppose 5*v = 4*o + 9982, 39*v - 2*o = 40*v - 1988. What is the tens digit of v?
9
Suppose -44 - 64 = -3*v. What is the units digit of v?
6
What is the thousands digit of 6/(-3)*((-28245)/6)/5?
1
Let q = 24 + -20. Suppose 5*k = 2*u + 22, -q*u + 5*u - 5*k = -16. What is the units digit of (-429)/26*8/u?
2
Let p(v) = 61*v + 210. What is the hundreds digit of p(20)?
4
Let d be (-9 + -42)/((-6)/20). Let t be 2/9 - d/(-45). Suppose -t*l + 42 = -l. What is the units digit of l?
4
What is the units digit of (2 + -26)/(3/(-75))?
0
Let m(a) = a + 3. Let f be m(5). Let p = 10 - f. Suppose 4 = -2*i, -39 = -p*z + 2*i + 5. What is the units digit of z?
0
Let p = 1 + -1. Suppose 18*g - 23*g + 95 = p. What is the units digit of g?
9
Let p(q) be the first derivative of -20*q**4 - q**3/3 + q**2 + q + 26. What is the tens digit of p(-1)?
7
What is the units digit of (816/15)/((-1)/(-10))?
4
Let o(w) = -w**3 + 61*w**2 - 52*w - 142. What is the tens digit of o(60)?
3
Let h(d) = d**3 + 17*d**2 - d - 8. Let l be h(-17). What is the tens digit of (384/l)/((-2)/(-3))?
6
Let s(d) = 3982*d**2 + 48*d - 47. What is the tens digit of s(1)?
8
Let l be 3324/(-30) - ((-4)/(-10))/2. Let h = 7 - l. What is the hundreds digit of h?
1
Suppose -b + s = -1 - 3, -2 = s. Suppose -b*v = -w + 5*w - 304, 0 = -w + 3*v + 90. Suppose 3 = n - h - 23, 2*h = 3*n - w. What is the tens digit of n?
2
Let i(l) = l + 39. Let j be i(-15). Let u = 28 - j. What is the units digit of u?
4
Suppose -7 = 4*a - 19, -5*f = 2*a - 7676. What is the hundreds digit of f?
5
Let o = 3079 - 1879. What is the hundreds digit of o?
2
Let k(h) = -2*h - 2. Let i(x) = -2*x**3 - x - 1. Let a be i(-1). Suppose 0 = -n - 5 - a. What is the tens digit of k(n)?
1
Suppose -2*y - 600 = -12*y. What is the tens digit of y?
6
Let u(i) = -i**3 - 31*i**2 - 17*i + 42. What is the units digit of u(-31)?
9
Let u = 45 - 23. Let w = u - -9. What is the units digit of w?
1
Suppose -3323*s + 4328 = -3315*s. What is the hundreds digit of s?
5
Let l be (1 - (-316)/(-20))*-5. Let y = 12 - -4. Suppose 4*z = 2*h + 88, -4*z + y = -3*h - l. What is the tens digit of z?
2
Suppose -v + 3 = -0*v. Suppose -3*l - 12 = v*a - 4*a, 0 = 4*a. Let s(g) = -g**3 - 3*g**2 + g - 1. What is the tens digit of s(l)?
1
Suppose -4*c + 2 = -2. Let n(x) = -2*x + 4*x - c + 1 + 5 + x**2. What is the units digit of n(-6)?
9
Let f(p) = -7*p - 24. Let i be f(-3). What is the hundreds digit of 6/(((-18)/4)/i) - -244?
2
Let m be ((-15)/10)/(-3)*2. What is the hundreds digit of -6 + 7 + m + 2 + 169?
1
What is the tens digit of (-8)/(-3)*(-6 - -231)?
0
Suppose -5*g + 3*a = -402, 5*a = 4*g - 0*g - 319. Suppose 0 = g*k - 85*k + 832. What is the hundreds digit of k?
2
Let y = -672 - -1357. What is the units digit of y?
5
Let f(p) = -131*p - 4 + 29 + 123*p. What is the units digit of f(-8)?
9
Suppose 3*q - 8*q + 5*u = -4495, 10 = 2*u. What is the hundreds digit of q?
9
Suppose 5*j - 718 = 3*t, 0 = 4*j - 2*j - 2*t - 284. What is the hundreds digit of j?
1
Let v be 2*((-5)/(-2) - -1). Suppose y - v*y + 60 = 0. Suppose g - y = -1. What is the units digit of g?
9
Suppose 7 = 2*c + 3. Suppose -5*b + c*g = -9, 2*b = 5*b - 5*g - 13. Let y(z) = 63*z - 2. Wh